r - 66. Determine b(x).
-3
Suppose -14 = b + 2*w, b + 0*b = -5*w - 20. Let t(r) = -r**3 - 9*r**2 + 10*r - 1. Give t(b).
-1
Let q(c) = 10*c**2 - 1. Let m be q(1). Suppose -5*v = -3*n - 14, 0 = n + 2*n + m. Let y(d) = 38*d + 38*d + 1 - 4*d**2 + 44*d - 122*d. Calculate y(v).
-5
Suppose -2*d - 4 = -3*d. Suppose 3*s = -i + 15, -5 = -3*i - d*s + 25. Let u(m) = m**3 - 5*m**2 - 4*m + 1. What is u(i)?
13
Let f(u) be the third derivative of u**5/60 + 13*u**4/24 - 17*u**3/6 + 2*u**2 - 89*u. Determine f(-13).
-17
Let r(f) be the first derivative of f**4/4 - 3*f**3 + 9*f**2/2 - 3*f - 6. What is r(8)?
5
Let u(w) = 3*w**2 + w + 3. Suppose 0 = 19*z - 18*z + 3, -3 = y + 2*z. Determine u(y).
33
Let v(a) = -10*a**2 + 3*a**2 - 3*a**2 - 3 + 3*a**2 + 8*a. Let p be (-3)/((-6)/10)*1. Let d(z) = -6*z**2 + 7*z - 2. Let w(s) = p*v(s) - 6*d(s). Determine w(3).
0
Let w(m) = m**2 - 9*m - 6. Suppose -38*s - 9 = -41*s. Suppose -4*t + 29 + s = -4*f, 0 = 4*t + 3*f - 39. Calculate w(t).
-6
Let a(w) = w**3 + 5*w**2 + 14*w + 33. Let k be a(-4). Let r(p) = -p**3 - 6*p**2 + 6*p - 6. Calculate r(k).
1
Let t(y) = -8*y + 3. Let s be t(7). Let g = s - -48. Let o(j) be the third derivative of j**4/12 + j**3 - j**2. Determine o(g).
-4
Let h(g) = -g**2. Suppose 0 = 2*s + 3*t + 1, -3*s + t - 3*t - 9 = 0. Let k(u) = -6*u**2 - u + 1. Let m(x) = s*h(x) + k(x). Let w = -441 + 441. Give m(w).
1
Let k(u) be the second derivative of 0 - 1/24*u**4 - 3/2*u**2 + 4*u + 1/3*u**3. Let f(z) be the first derivative of k(z). Determine f(-4).
6
Let p(h) = -5*h - 47. Let b(o) = o + 2. Let s be b(-11). Let c be p(s). Let a(x) = -4*x + 5*x + 2 - 3*x. Give a(c).
6
Suppose -34 + 22 = -3*z. Let x(j) = -14*j + 3. Give x(z).
-53
Let h be (10/(-6))/(3/(-9)). Let u(c) = -1 + 9 - h + 2*c. Let w be (-1 + -2)/((-4)/(-4)). Give u(w).
-3
Let a(m) = 4*m - 28. Suppose 5*b - 25 = -5*t, 2*b + 20*t = 17*t + 8. Calculate a(b).
0
Let w(u) = -2*u - 5. Let m(z) = -4*z - 7. Let l(x) = -2*m(x) + 5*w(x). What is l(-8)?
5
Let k(y) = -3*y**2 - y - 2. Let j = 0 - 1. Let u(b) = 31*b - 12*b - 18*b + b**2. Let f(c) = j*k(c) - 4*u(c). Determine f(-4).
-2
Let m(z) = 2*z + 16. Suppose 4*s + 31 = -3*b, -b - 2*b + 18 = -3*s. Give m(s).
2
Let n(r) be the third derivative of -r**5/30 + r**4/3 + r**3/3 - 384*r**2. Determine n(4).
2
Let j(p) = 13 - 10 + p**2 - p**3 - p + 4*p**2 + 0*p. Let c be 2 + (2/(-11) - 525/(-165)). Give j(c).
-2
Let t(d) be the third derivative of d**5/60 + 3*d**4/8 + 13*d**3/6 + 5*d**2 + 18. Give t(-4).
-7
Let d be (3/(-2))/(6/16). Let c be (-6)/1*2/(-6). Let p(t) = -5*t - 4 - t - 2*t**c - t + 0*t**2. Give p(d).
-8
Let u be ((-77)/11 - 8/(-2))*-1. Let f(v) = 9*v + 5. Calculate f(u).
32
Let c(l) be the third derivative of -l**6/120 + l**5/15 + 2*l**3/3 + 2*l**2. Suppose -3 - 13 = 16*g. Let o be (-8)/(-20)*(-2 + 11 - g). Determine c(o).
4
Let m(q) = -q**2 + 8*q - 5. Let l(y) = -2*y**2 + 9*y - 1. Let x be l(4). Suppose 0 = -x*h + g - 4 + 20, 4*h - 43 = -3*g. Give m(h).
2
Suppose 5*z - 178 = -5*r + 97, -3*z = -r + 55. Let g = 55 - r. Let o(d) = -d**2 - d + 1. Give o(g).
1
Suppose -23 + 35 = 3*p. Let l = -8 + 12. Let o(d) = -d - 3 + l - 1 + 3. Give o(p).
-1
Let q(l) = -10*l**2 + 17 + 21 - 39. Give q(1).
-11
Let y(a) = 3*a**3 + 7*a**2 - 6*a - 15. Let j(x) = -2*x**3 - 4*x**2 + 5*x + 8. Let q(o) = 5*j(o) + 3*y(o). Calculate q(4).
-25
Let c(n) = -4*n + 241*n**2 + 0*n - 4*n + 10 - 242*n**2. Calculate c(-9).
1
Let j(o) = o**3 - 8*o**2 + 8*o - 2. Suppose 6*p - 43 + 1 = 0. Give j(p).
5
Let m(f) = 2*f. Let o(v) = -10*v - 4. Let z(x) = 6*m(x) + o(x). Give z(4).
4
Let k(p) be the third derivative of p**6/120 - 2*p**5/15 + 7*p**4/24 + 5*p**3/6 - 2*p**2. Let c be k(7). Let u(a) = -17 + 8 + c*a + 10. Calculate u(2).
11
Let d(r) = r**3 + r**2 - 9*r - 12. Let a(z) = -z**3 + 9*z + 12. Let u(c) = -4*a(c) - 5*d(c). Give u(-6).
-6
Let w be 3*(-22)/(-6) + -1. Let x(l) = l - 4. Let h be x(w). Let y(v) = -v**3 + 6*v**2 - v + 1. Determine y(h).
-5
Suppose -2 = -5*d + 8. Let y = d + 19. Let r(h) = -y - h - 25 + 48. Calculate r(2).
0
Let n(g) = g**2 + 3*g + 2. Let p(h) = -2*h**2 - 5*h - 3. Let f(i) = -3*n(i) - 2*p(i). What is f(1)?
2
Let x(o) = o**3 + o**2 + 5. Let u(i) = -5 - 10 + 19 - 5. Let r(j) = -j**3 + 4*j**2 - 2*j - 2. Let v be r(3). Let d(c) = v*u(c) - x(c). Give d(0).
-6
Let s be (191 - 195)*(-10)/8. Let u(k) = -k**3 + 4*k**2 + 5*k + 12. What is u(s)?
12
Let r(p) = 3*p + 6. Let z be r(-5). Let y(c) = -c**3 - 9*c**2 - c - 5. Let a be y(z). Let d(q) = -q + 2 - 1 + a + 4. Give d(6).
3
Let k(c) = c**2 - 10*c + 6. Let o be k(7). Let y = 16 + o. Let r(t) = -3*t + 1. Give r(y).
-2
Let h(y) = 10*y - 5. Suppose -49*m + 81 - 277 = 0. Calculate h(m).
-45
Let k(b) = -34*b**3 - 3*b**2 + b + 4. Let f(p) = 66*p**3 + 8*p**2 - 2*p - 10. Let r(z) = 2*f(z) + 5*k(z). Give r(-1).
38
Let d(c) = -8*c + 1. Let r(u) = 9*u - 2. Let m(k) = 4*d(k) + 3*r(k). Let o(n) = 14*n + 6. Let l(h) = -17*m(h) - 6*o(h). Give l(-5).
-7
Let g(h) = h - 4. Let d be g(5). Suppose -4*q = -5*f + 8, d + 3 = f. Suppose 4*x - q*x = -5*o - 9, 4*o = 5*x + 16. Let t(c) = -2*c**2 - 6*c. What is t(x)?
-8
Suppose 4 + 11 = -5*m + 4*p, -2*m = 3*p - 17. Let n(q) be the first derivative of q**2 + 2*q - 11 - m - 3 + 2. Give n(2).
6
Let t(f) = -f - 8. Let y be (4 - 2) + (-4 - 0). What is t(y)?
-6
Let r(w) = w**3 + 2*w + 15. Suppose -13*v + 14*v = 0. Determine r(v).
15
Let i(o) = -3*o + 1. Let f be i(-1). Let b(z) = z**3 - 5*z**2 - 143 + 140 + z**2. What is b(f)?
-3
Let q = 1223 - 1218. Let p(r) be the third derivative of 1/24*r**4 + 0 + 0*r + 1/120*r**6 - 1/2*r**3 - 8*r**2 + 7/60*r**q. Give p(-7).
-10
Let l(a) = a - 3. Suppose -7*j + 20 = -3*j. Suppose 5*c - 20 = -j*c. What is l(c)?
-1
Let d(m) = m**2 - 11*m - 13. Let s = 558 - 546. Calculate d(s).
-1
Let x(n) = 2*n - 1. Let o(m) = -m**2 - 7 + 3 + 24 - 3*m. Let p be o(-6). Determine x(p).
3
Let h(a) = 16 + 4*a + 52 - 38 + 0*a + 111. What is h(-35)?
1
Let k(r) = -r - 11. Let f(o) be the first derivative of -3*o**3 + o**2/2 - 2*o - 15. Let x be f(1). What is k(x)?
-1
Let q(u) = -u**2 - 15*u + 41. Let i be q(-18). Let n = i - -15. Let w(r) = -4*r - 4 + 4 + r**3 + 3 + 3*r**2. Calculate w(n).
15
Let l(z) be the third derivative of z**6/120 + z**5/12 - z**4/8 - z**3/6 - 13*z**2 - 2. What is l(-6)?
-19
Let t(c) = c**2 + 11 + 0*c + 13*c - 19*c - 2*c. Calculate t(2).
-1
Let t = 3 - 6. Let a(f) be the second derivative of 0 + 2*f - 1/3*f**3 - 3/2*f**2. Calculate a(t).
3
Let o(k) = -k**2 - 16*k + 8. Suppose -54*x - 83 = -49*x + z, 61 = -4*x + z. What is o(x)?
8
Let y(n) = 12*n**2 + n - 1. Let v be (-6)/8 + (-253)/(-92). Suppose -4*s - v*o = 2, 0*s + 4*o + 11 = -s. Determine y(s).
12
Let p be (-24)/9*(-18)/8. Let c(g) = 6 + 1 + 2*g + g**2 - p. What is c(-1)?
0
Let m(q) = -q**2 + 5*q - 2. Let n be 13/(-26)*40/4*-1. Determine m(n).
-2
Let a(v) be the first derivative of -v**4/4 + 7*v**3/3 - v**2 + 8*v + 82. Give a(7).
-6
Let m(t) = t + t + 0*t. Let h(q) = 22*q - 108. Let g be h(5). What is m(g)?
4
Let n(t) = -3*t**3 - 11*t**2 - t - 6. Let d(q) = q**3 + 4*q**2 + q + 3. Let a(u) = 5*d(u) + 2*n(u). Calculate a(-3).
3
Suppose 2*b + 1 + 1 = 4*z, -4*z = 4*b + 16. Let w(g) = -5*g**2 + 2*g + 1. Give w(z).
-6
Let o(v) = 5*v - 4*v + 0*v + v**3 + 8*v**2 + 3. Let r = -4966 + 4958. Determine o(r).
-5
Let j(n) be the first derivative of n**4/4 + n**3 - 2*n**2 + 5*n + 2. Suppose l + 2*p = -4, 0 = -2*l - 0*p - 3*p - 8. What is j(l)?
5
Let m(r) = -4 + 7*r**2 + r - 2*r + 14 - 4*r**2 - 4*r**2. Calculate m(3).
-2
Let q(u) = -u**3 + 14*u**2 - 9*u + 31. Let o be q(13). Let w(d) = o*d - 38*d - 41*d - 2. What is w(-5)?
-22
Let l = -11 + -5. Let j be 1/(28/l - -2). Suppose 0*v + 24 = j*v. Let z(y) = -y**3 + 6*y**2 - y + 4. What is z(v)?
-2
Let h = -46 - -44. Let t be h*((-25)/10 + 3). Let g(y) = 5*y**3 + y**2 + y + 1. What is g(t)?
-4
Let r(m) = 5. Let p(o) = -3*o + 20. Let x(g) = g - 7. Let v(s) = -3*p(s) - 8*x(s). Let b(i) = -3*r(i) - 4*v(i). Give b(3).
-11
Let r(z) = z**2 - 42 - 54 - 40 + 132 - 4*z. Determine r(-3).
17
Let s = -508 - -510. Let g(t) = -2*t**3 + 2*t**2 + t - 2. Give g(s).
-8
Let w(g) be the third derivative of g**4/24 - 2*g**3 - 6*g**2. Let k = -333 + 339. What is w(k)?
-6
Let b(t) = -t - 3. Suppose -2*p - s - s = -22, 3*s - 15 = 0. Suppose -v - p = -2*v. What is b(v)?
-9
